ate the remainder when 503 is divided by p.
122
Suppose 0 = 6*l - 134*l + 4224. Calculate the remainder when 1021 is divided by l.
31
What is the remainder when (-94 + -5)/33 + (2 + -1 - -550) is divided by 39?
2
Let s(y) = -103*y + 412. What is the remainder when 796 is divided by s(3)?
75
Let x(y) = -7*y**3 - 2*y**2 - 2*y - 1. Suppose 10*b - 13*b - 6 = 0. Calculate the remainder when x(b) is divided by (-4)/56*6 - 132/(-14).
6
What is the remainder when 140 is divided by ((-30)/(-54) - 1)/((-44)/9306)?
46
Let t(h) = 4*h**2 + 53*h + 1104. Calculate the remainder when t(-18) is divided by 481.
3
What is the remainder when 323 is divided by (-135)/20*(-144)/27?
35
Suppose -4*f + 2*h - 23865 = -150489, 3*h = -5*f + 158236. Calculate the remainder when f is divided by 65.
62
Let g(r) = 41*r**2 + r - 18. What is the remainder when g(-4) is divided by 92?
82
Let c = -129 + 133. Suppose c*o - 5*h + h = 24, 4*o - 3*h = 24. What is the remainder when 21 is divided by 10 + (o + 0)/2?
8
Let l(t) be the first derivative of -2*t**2 + 4*t - 2. Let z be l(0). Suppose 11 = -z*c + 47. What is the remainder when 24 is divided by c?
6
Let h = 3287 + -3270. Calculate the remainder when 2853 is divided by h.
14
Let v be (-30)/(-8) - (50/8)/(-5). Suppose 5*o - 106 = -m, o + v*m = 10*m + 42. Calculate the remainder when 25 is divided by o.
3
Suppose -4*x - 31 = -h, 5*h = 2*x + 4*x + 141. What is the remainder when 178 is divided by h?
16
Suppose -3*c = c - 296. What is the remainder when c is divided by (-4 - -20) + (-1)/(-1)*5?
11
Suppose 0 = -3*t - 4*m - 47, -1 = t + m + 13. Calculate the remainder when 78 is divided by 150/t*-1 + (-2)/3.
14
Let z(k) = 3*k**2 - 340*k + 3081. What is the remainder when z(9) is divided by 126?
12
Let o = -13861 - -13977. What is the remainder when 686 is divided by o?
106
Let t(p) = -2*p**2 + 71*p - 179. What is the remainder when t(32) is divided by 0/(2/(-1)) + 16?
13
Let q = 37 - 34. Suppose 0 = -q*c - 71 + 308. What is the remainder when c is divided by 16?
15
Suppose 0 = -4*f + 3*p + 118, -5*f + 2*p = -159 + 15. Let z = -28 - -49. What is the remainder when f is divided by z?
7
Suppose 5*a - 275 = 325. Let g = a - 120. Suppose -14*n + 33 + 23 = g. Calculate the remainder when 31 is divided by n.
3
Let i(r) = -1518*r - 402. What is the remainder when i(-1) is divided by 20?
16
Let g = 183 - 85. Let a = g - 21. Calculate the remainder when a is divided by 21.
14
Suppose -52*l = -40*l - 396. Suppose 655 = 5*p - d, p = 5*p - 2*d - 530. What is the remainder when p is divided by l?
31
Let n be 480/(-200) - (-3)/(-5). Suppose 3*y + 1026 = -99. Calculate the remainder when (n/(-5))/((-1880)/y - 5) is divided by 6.
3
Suppose -60804 = -79*z - 29*z. Calculate the remainder when 1149 is divided by z.
23
What is the remainder when 360 is divided by 14/(57/(-38) - (-2 + 0 + 0))?
24
Let z = 103 + -97. What is the remainder when -24*(15/35)/(z/(-21)) is divided by 4?
0
Let v(n) = 29*n + 39. Let q(x) = 6*x + 7. Let f(h) = -22*q(h) + 4*v(h). What is the remainder when f(-7) is divided by 23?
22
Let x(o) = o**2 + 32*o - 579. What is the remainder when 34 is divided by x(-45)?
4
Let x(m) = 11*m + 38*m**2 + 35*m**2 - 4 - 4*m - 33*m**2. What is the remainder when x(1) is divided by 24?
19
Suppose 0 = z - 2*h, 10 = 4*z - 7*h + 4*h. Suppose 0*i + 2*i + 2*y = 48, 3*i - z*y = 86. Calculate the remainder when 64 is divided by i.
12
Let r = 1746 - 1504. Calculate the remainder when r is divided by 38.
14
Let i(w) = -w**2 - 2*w + 100. Let k(l) = l**2 - 10*l + 22. Let p be k(9). Let h be 0/p*2/4. Calculate the remainder when i(h) is divided by 26.
22
Suppose 66*y - 61*y = -k + 94, 30 = y + 3*k. Calculate the remainder when (-3)/12 + (-250)/(-8) is divided by y.
13
Suppose 21*t - 24065 + 7489 = -7*t. What is the remainder when t is divided by 88?
64
Let c = -24 - -32. Let y = c + 19. Suppose -69 = y*q - 28*q. What is the remainder when q is divided by 18?
15
Suppose 4*t = 2*t + 16. Let q(h) = 4*h - 13. Let d be 10 + (-9)/(7 + -4). What is the remainder when q(d) is divided by t?
7
Suppose 8*p = 500 - 148. Let v = p + -41. Suppose -l - 2*x + 20 = 0, l + v*x - 32 = 4*x. What is the remainder when 107 is divided by l?
23
Let n(x) = 8*x**2 - 16*x + 1. Let y be n(-5). Let g = y - 234. Calculate the remainder when 167 is divided by g.
26
Let h(s) = -s**2 + 104*s - 969. Calculate the remainder when 236 is divided by h(11).
20
Suppose 23*k = 25*k - 10. Calculate the remainder when 56 is divided by 21/(-18)*-6 + k.
8
Let z = -166 - -252. Let a = -67 + z. What is the remainder when 87 is divided by a?
11
Suppose -1221*p = -1225*p + 2192. What is the remainder when p is divided by 9?
8
Let i = -4 + 3. What is the remainder when (102 + -9)*(-1)/i is divided by -8 - (0 + 256/(-8))?
21
Suppose n - 27588 = -6*u + 2*u, -29*n - 232 = 0. What is the remainder when u is divided by 17?
14
Suppose 3*f - 20 + 6 = 4*n, -4*f + 4*n = -24. Let c be (-3 - (-6)/4) + (-90)/12. Calculate the remainder when (-10)/(c - 1) + 14*1 is divided by f.
5
Suppose -2106 + 1936 = -10*t. What is the remainder when 1300 is divided by t?
8
Suppose -2575 = -0*w + 25*w. Let a = w + 134. Let r = -133 + 190. What is the remainder when r is divided by a?
26
Suppose 11*p - 25521 + 2344 = 0. What is the remainder when p is divided by 32?
27
Let b(v) = -v**3 - 9*v**2 + 10. Let r be b(-8). Let z = r - -74. Calculate the remainder when 48 is divided by z.
8
Let p = -179 - -189. Suppose 5*a = -5*l + p, -a + 8 = -2*l + 18. Calculate the remainder when 31 is divided by l.
3
Suppose -71*c = -84*c + 10166. Calculate the remainder when c is divided by 162.
134
Calculate the remainder when -426*(165/15)/(-22) is divided by 5.
3
Calculate the remainder when 599428/1623 - 10/3 is divided by (-2)/(-8) + (-63)/(-4).
14
Calculate the remainder when 29464/87 - (-17)/51 is divided by 96.
51
Let o = 2958 + -2621. Calculate the remainder when o is divided by 99.
40
Suppose -3*y + 57 = -3*i, -y - 3*i + 27 = 8. Suppose 4*x + z = 5*z + 188, 5*x = -z + 253. Calculate the remainder when x is divided by y.
12
Let c(f) = f + 5. Let t be c(-5). Let i be 206/(1/(-1 - -2)). Suppose 8*g - 774 + i = t. What is the remainder when g is divided by 18?
17
Let s(a) = 1208*a**3 - 9*a**2 + 17*a - 9. Calculate the remainder when s(1) is divided by 55.
52
Let v(m) = -m**2 + 75*m - 1118. What is the remainder when 487 is divided by v(22)?
7
Let p be ((-13)/4)/(2/(-8)). Suppose -g + 5*t - 29 = 0, 5*g = -5*t - 278 + p. Let h = -19 - g. What is the remainder when h is divided by 19?
11
Let f(w) = 73*w**3 - w**2. Suppose 2 + 5 = d. Suppose -x - d*x = -8. Calculate the remainder when f(x) is divided by 38.
34
Let s(t) = t**3 + 30*t**2 - 71*t - 167. Calculate the remainder when s(-20) is divided by 8.
5
Calculate the remainder when (-4 - (3 - -89))*(-754)/87 is divided by 220.
172
Let q(w) = -8*w - 168. Let y be q(-24). Suppose -h + 5*p + 45 = 0, 0 = 4*h + 5*p - 56 - y. Calculate the remainder when 70 is divided by h.
20
Suppose f = -5*i + 186, -3*f + 39 = i - f. Suppose 2*w + 18*w + 180 = 0. What is the remainder when i is divided by -13*w/(-6)*16/(-24)?
11
What is the remainder when (-7 - 171/(-18))*14*4 is divided by 56?
28
Let k = 58 - 55. Suppose -4*v + 2*h + 26 = 0, 40 = 5*v - 7*h + k*h. Let x = v + 44. What is the remainder when x is divided by 13?
9
Suppose 8*r - 12*r = -560. Let p = r + -48. Suppose 4*g = -3*b + p, 2*b + 115 = g + 4*g. Calculate the remainder when 43 is divided by g.
20
Suppose 0 = 2932*k - 2923*k - 1314. Suppose -10*w = -132 - 148. What is the remainder when k is divided by w?
6
Let h = -9424 - -9979. Calculate the remainder when h is divided by 183.
6
Let t(c) = -419*c + 1767. Calculate the remainder when 916 is divided by t(4).
6
What is the remainder when 12/102 - (460208/34)/(-4) is divided by 242?
238
Let v = -6192 + 6318. Suppose 4*x + 160 = 3*y, y + x = -0*x + 44. Calculate the remainder when v is divided by y.
30
Suppose x - 4*i - 5 = 0, -33*i = -31*i - 2. What is the remainder when 384 is divided by x?
6
Let b be 6/((-4)/10*(-45 + 40)). Suppose -7*j - 24 = -8*j - 4*y, -b*j + 44 = -2*y. Calculate the remainder when 367 is divided by j.
15
Let j(i) = -3*i**2 - 171*i + 190. What is the remainder when j(-47) is divid